 factor of 39 and r?
13
Let b be -136 + 130 + (1 - -13). Let y(t) = t**2 + 7*t + 7. Let h be y(-7). Let p = 15 - h. What is the highest common factor of b and p?
8
Suppose 171 = -5*x + m, 2*m = 3*x - m + 105. Let u = x - -46. Suppose -11*i - 46 = -u*i. Calculate the greatest common factor of 69 and i.
23
Suppose -1111 = -15*g - 1. Calculate the highest common divisor of 1961 and g.
37
Suppose 4*m - z = m + 77, -2*m = -4*z - 38. Let x = -15 + m. Suppose -4*w + x = -0*w. What is the greatest common divisor of w and 6?
3
Suppose -27*p + 26*p - 335 = -3*a, 0 = -2*a + 3*p + 221. Calculate the greatest common divisor of 2128 and a.
112
Suppose -3369 - 10471 = -173*r. What is the highest common divisor of r and 805?
5
Let k = 32 + -27. Suppose 2*b + 58 = 4*c + 4*b, 4*c + k*b = 73. What is the greatest common factor of c and 24?
12
Suppose 3*b + 312 = 7*b. Let n = -236 - b. Let f be (4/10)/(3/(-15)) - n. What is the highest common divisor of f and 39?
39
Let h(y) = -y**2 + 3*y + 170. Let v be h(-8). What is the highest common divisor of v and 3239?
41
Suppose 93 = 2*u + 101. Let b(w) = w**3 + 3*w**2 - 8*w - 12. Let z be b(u). What is the highest common divisor of 3 and z?
1
Let b(d) = 9*d**2 + 354*d - 2190. Let m be b(6). Calculate the greatest common factor of 9374 and m.
86
Suppose 3482 = 25*z + 1007. Let a(h) = -h**3 - 6*h**2 - h + 2. Let x be a(-5). Let m = -7 - x. Calculate the greatest common factor of m and z.
11
Let i be 270/((3/39)/(-1) - 1512/(-728)). Calculate the greatest common divisor of i and 105.
15
Suppose 3*g = -5*j + 38 - 17, 0 = -2*g + j + 27. Calculate the highest common factor of g and 524.
4
Suppose -20*b + 4369 = -1416 - 3415. Suppose -s = 4*s - 100. Calculate the greatest common factor of b and s.
20
Let b(x) = x**2 + 19*x - 20. Let f be b(-24). Suppose -3*a - f = -3*i - a, 0 = -4*i - a + 115. What is the greatest common divisor of i and 30?
30
Let l be -27 + (0 - 10/(-2)). Let u(w) = -29 + 18*w**2 + 0*w**3 + 4*w**2 - 2*w + 0*w**3 + w**3. Let p be u(l). What is the greatest common divisor of 6 and p?
3
Suppose 5*u = 428 + 192. Let w(a) = 3*a**3 - 349*a**2 - 581*a - 628. Let f be w(118). What is the highest common factor of f and u?
62
Let l = 974 + -904. Let f(w) = -2*w**3 + 5*w**2 + 9*w + 3. Let c be f(-4). What is the highest common divisor of l and c?
35
Let o be (-21)/(-28) + ((-4185)/20)/(-9). What is the greatest common factor of 16 and o?
8
Suppose -4*s = -5*c + 146, 3*c + 3*s - 99 = -6. Suppose 3*q - 2*o - 23 = c, 3*o = -12. Calculate the highest common divisor of 25 and q.
5
Let j be 86/(30/40*(-12)/(-18)). Suppose 4*n - 122 = 50. What is the greatest common factor of n and j?
43
Suppose 13*m - 7*m = 228 + 258. Calculate the highest common divisor of 1485 and m.
27
Suppose -2*q + 7 = 11, 3*j - 3*q = 414. What is the highest common divisor of 255 and j?
17
Suppose 10*d = 29*d. Suppose d = -v + 2*b + 1 + 2, 0 = 2*v + 2*b - 18. Let w be (15 - 1)/(4 + -2). Calculate the highest common divisor of w and v.
7
Let q = 49541 + -49499. Suppose -4*h - 3*n + 7*n + 436 = 0, n + 214 = 2*h. Calculate the highest common factor of q and h.
21
Let t(o) = 165*o**2 + 39*o + 52. Let l be t(-5). Calculate the greatest common factor of 66 and l.
22
Let q = -4741 - -4748. Calculate the greatest common divisor of 126 and q.
7
Let w be (-1 - -4)*2 + -1 - (-4 - 127). Calculate the greatest common divisor of 527 and w.
17
Let r be (2 - 9891/18) + 2/(-4). Let g = r + 573. What is the highest common factor of g and 10?
5
Let n(x) = x**2 - x. Let t be n(2). Suppose 0 = 4*d - t - 30. Let i be 6 + -1 + -2 + 29. Calculate the highest common factor of d and i.
8
Suppose 51*l - 47 = 4*l. Let y be (15 - l)*(-51)/(-34). What is the highest common divisor of 21 and y?
21
Suppose 4*o - 1032 = 88. Let j be (93/(-124))/((-6)/o). Let l be (4 - (3 + 3))*-7. Calculate the highest common factor of j and l.
7
Let r be (3/(-8) - 207/24)*-2. What is the greatest common divisor of r and 387?
9
Let k be 9/((-63)/4) + ((-1942620)/(-21))/10. Calculate the greatest common divisor of k and 74.
74
Let z = -34 + 31. Let b be ((-1030)/(-15))/((-2)/z). Suppose 2*y - 167 = b. What is the highest common divisor of 54 and y?
27
Let r be ((-13)/(-3))/((-229)/(-149766)). Calculate the greatest common factor of 234 and r.
26
Let b = 108 - 218. Let p = b + 270. What is the highest common factor of 20 and p?
20
Let y(a) = -5*a**3 + 116*a**2 - 27*a + 42. Let n be y(22). Calculate the greatest common divisor of 24 and n.
24
Suppose q - 4*q - 13 = -4*n, 4*n - 18 = 2*q. What is the highest common factor of n and 7?
7
Suppose 7*q = 156 + 12. Suppose -2*r + 5*n + 291 = 0, 175 = -2*r + n + 454. What is the highest common factor of r and q?
6
Let q(h) = h + 13. Let i be q(2). Let w be (20*18/i)/(6/4). Calculate the highest common divisor of 1056 and w.
16
Suppose -196 = 155*j - 157*j - 2*m, 5 = -m. Calculate the greatest common factor of j and 26368.
103
Let k = 29 - 26. Suppose -y = 2*f - 114, 4*f + 342 = k*y + 2*f. Calculate the highest common divisor of y and 285.
57
Suppose 3*g - 2*l = -877, 6*g - 2*g + 1156 = -4*l. Let u = g - -315. Calculate the greatest common divisor of 408 and u.
24
Let o(y) = -8*y - 6. Let d be o(-4). Let z be (-11)/(2/1*(-9 + (-233)/(-26))). What is the greatest common divisor of z and d?
13
Let v(y) = -y**3 - 8*y**2 - 2*y + 15. Let d be v(-7). Let j be (0 + 1 + -9)/(d/80). Calculate the highest common divisor of 288 and j.
32
Let s(c) = 14*c - 21. Let f be s(12). Suppose -f*k + 98 = -140*k. What is the greatest common divisor of k and 56?
14
Let u(r) = -r**3 - 40*r**2 - 42*r. Let g be u(-40). What is the greatest common factor of 160 and g?
80
Suppose 65 = 5*t - 5*o, -7*t - 4*o + 18 = -6*t. Let g = 1077 + -643. What is the greatest common factor of t and g?
14
Let r = -37 + 33. Let v be (-60)/(-5)*(-2)/r. Suppose 3*t = -v*f + f + 265, 4*t - 363 = 3*f. What is the greatest common divisor of t and 60?
30
Let q(y) = -39*y - 455. Let n be q(-18). Calculate the greatest common factor of n and 95.
19
Let r(j) = -8*j + 4. Let h be r(-2). Let f be (-7)/((-21)/774) + -8. What is the highest common factor of h and f?
10
Suppose -136*n = -228*n + 2300. What is the greatest common divisor of n and 7775?
25
Let u be 4674/21 + 99/231. Calculate the greatest common divisor of 19847 and u.
223
Suppose -5548*i + 5525*i + 5819 = 0. What is the highest common factor of 943 and i?
23
Suppose -a - 114 = 5*a. Let o = a - -28. Suppose 2*c = -o*i + 8*i + 31, -16 = -2*c - 4*i. Calculate the greatest common divisor of 2 and c.
2
Let i be 324 - (-17 + 11 - -18). Calculate the greatest common factor of i and 1896.
24
Let t = -1965 + 2027. Calculate the greatest common factor of t and 930.
62
Let j(h) = h**3 - 20*h**2 - 11*h + 243. Let d be j(20). What is the highest common divisor of 3979 and d?
23
Suppose 0 = -4*b + 5*o + 134650, -39*b - 67322 = -41*b + 3*o. What is the highest common factor of b and 26?
26
Let h(a) = -10*a - 522. Let f be h(-53). What is the highest common factor of f and 1944?
8
Let w = 33 - 9. Let g(c) = -19*c + 8. Let f be g(4). Let r = -65 - f. Calculate the greatest common divisor of w and r.
3
Let i(j) be the third derivative of j**6/120 + j**5/60 + j**4/24 - 17*j**3/6 - 12*j**2 - 4. Let v be i(5). What is the greatest common divisor of 6 and v?
6
Suppose -30 = -3*t - 0. Suppose 4*z = -h + t, 2*h - 3*z = -h + 60. Suppose h = 2*u + 2*l, -u + 5*l = u - 18. What is the greatest common factor of 99 and u?
9
Let n = -104 + 104. Suppose 5*u = 3*p + 61, 3*u + 3*p = -n*u + 51. What is the greatest common divisor of 378 and u?
14
Let k = 30938 - 29730. Calculate the greatest common divisor of k and 128.
8
Suppose 9414 = 100*m - 31386. Calculate the highest common factor of 4386 and m.
102
Let g be (2/5)/((-20)/(-250)). Suppose -5*k = g*c - 100, -k + 0*c = -5*c - 32. Suppose -o + 3*o - 4 = 0. Calculate the highest common factor of k and o.
2
Suppose 0 = 2*q + 2*f - 5*f - 41, -2*q + 46 = -4*f. Calculate the greatest common factor of 221 and q.
13
Let y be 4/(-28) + 55/(-7). Let z be (-6)/y - 1669/(-4). Let u = z + -282. Calculate the highest common factor of 17 and u.
17
Suppose -x + 500 = 4*i - 51, -5*x = 5. What is the greatest common factor of i and 17158?
46
Suppose -